{"id":14,"date":"2012-09-13T12:00:53","date_gmt":"2012-09-13T11:00:53","guid":{"rendered":"http:\/\/canal-literatura.com\/9certamen\/?page_id=14"},"modified":"2013-02-19T09:23:50","modified_gmt":"2013-02-19T08:23:50","slug":"jurado","status":"publish","type":"page","link":"https:\/\/canal-literatura.com\/9certamen\/jurado\/","title":{"rendered":"Jurado"},"content":{"rendered":"<h2 style=\"text-align: center;\">Jurado del certamen<\/h2>\n<h2 style=\"text-align: center;\">Lorenzo Silva<\/h2>\n<div style=\"text-align: center;\"><a href=\"http:\/\/www.canal-literatura.org\/Entrevistas\/LorenzoSilva.html\" target=\"_blank\"><img loading=\"lazy\" decoding=\"async\" class=\"aligncenter\" title=\"Lorenzo Silva\" src=\"http:\/\/www.canal-literatura.com\/Entrevistas\/LORENZOSILVA2007.jpg\" alt=\"Lorenzo Silva\" width=\"250\" height=\"362\" \/><\/a><\/div>\n<div style=\"text-align: center;\">Presidente del\u00a0IX Certamen de Narrativa Breve<\/div>\n<div style=\"text-align: center;\"><\/div>\n<h2 style=\"text-align: center;\">Jos\u00e9 Belmonte Serrano<\/h2>\n<p><center><a href=\"http:\/\/www.canal-literatura.org\/Jose_belmonte_serrano.html\" target=\"_blank\"><img loading=\"lazy\" decoding=\"async\" title=\"Jos\u00e9 Belmonte Serrano\" src=\"http:\/\/www.canal-literatura.com\/fotos\/pepeBOP.JPG\" alt=\"Jos\u00e9 Belmonte Serrano\" width=\"200\" height=\"300\" \/><\/a><\/center><\/p>\n<h2 style=\"text-align: center;\">Ana M\u00aa Tom\u00e1s Olivares<\/h2>\n<p><center><a href=\"http:\/\/www.canal-literatura.org\/Ana_Maria%20_Tomas_olivares.html\" target=\"_blank\"><img decoding=\"async\" title=\"Ana M\u00aa Tom\u00e1s Olivares\" src=\"http:\/\/www.canal-literatura.com\/fotos\/AnaMTomasOlivares3.jpg\" alt=\"Ana M\u00aa Tom\u00e1s Olivares\" \/><\/a><\/center><\/p>\n<h2 style=\"text-align: center;\">Julia Mu\u00f1oz Ripoll<\/h2>\n<p style=\"text-align: center;\"><a href=\"http:\/\/www.canal-literatura.org\/Entrevistas\/Julia_Munoz_Ripoll.html\" target=\"_blank\"><img loading=\"lazy\" decoding=\"async\" title=\"Julia Mu\u00f1oz Ripoll\" src=\"http:\/\/www.canal-literatura.com\/Entrevistas\/JuliaMunozRipoll.jpg\" alt=\"Julia Mu\u00f1oz Ripoll\" width=\"241\" height=\"289\" \/><\/a><\/p>\n<h2 style=\"text-align: center;\">Pau P\u00e9rez L\u00f3pez<\/h2>\n<p><center><a href=\"http:\/\/www.canal-literatura.org\/Pablo_Perez.html\" target=\"_blank\"><img loading=\"lazy\" decoding=\"async\" class=\"aligncenter\" title=\"Pau P\u00e9rez L\u00f3pez\" src=\"http:\/\/www.canal-literatura.com\/fotos\/Paup.JPG\" alt=\"Pau P\u00e9rez L\u00f3pez\" width=\"200\" height=\"150\" \/><\/a><\/center><\/p>\n","protected":false},"excerpt":{"rendered":"<p>Jurado del certamen Lorenzo Silva Presidente del\u00a0IX Certamen de Narrativa Breve Jos\u00e9 Belmonte Serrano Ana M\u00aa Tom\u00e1s Olivares Julia Mu\u00f1oz Ripoll Pau P\u00e9rez L\u00f3pez<\/p>\n","protected":false},"author":1,"featured_media":0,"parent":0,"menu_order":2,"comment_status":"closed","ping_status":"closed","template":"","meta":{"ngg_post_thumbnail":0,"footnotes":""},"class_list":["post-14","page","type-page","status-publish","hentry"],"_links":{"self":[{"href":"https:\/\/canal-literatura.com\/9certamen\/wp-json\/wp\/v2\/pages\/14","targetHints":{"allow":["GET"]}}],"collection":[{"href":"https:\/\/canal-literatura.com\/9certamen\/wp-json\/wp\/v2\/pages"}],"about":[{"href":"https:\/\/canal-literatura.com\/9certamen\/wp-json\/wp\/v2\/types\/page"}],"author":[{"embeddable":true,"href":"https:\/\/canal-literatura.com\/9certamen\/wp-json\/wp\/v2\/users\/1"}],"replies":[{"embeddable":true,"href":"https:\/\/canal-literatura.com\/9certamen\/wp-json\/wp\/v2\/comments?post=14"}],"version-history":[{"count":0,"href":"https:\/\/canal-literatura.com\/9certamen\/wp-json\/wp\/v2\/pages\/14\/revisions"}],"wp:attachment":[{"href":"https:\/\/canal-literatura.com\/9certamen\/wp-json\/wp\/v2\/media?parent=14"}],"curies":[{"name":"wp","href":"https:\/\/api.w.org\/{rel}","templated":true}]}}