{"id":24,"date":"2012-09-13T12:25:24","date_gmt":"2012-09-13T11:25:24","guid":{"rendered":"http:\/\/canal-literatura.com\/9certamen\/?page_id=24"},"modified":"2013-03-30T14:23:56","modified_gmt":"2013-03-30T13:23:56","slug":"premio-del-publico","status":"publish","type":"page","link":"https:\/\/canal-literatura.com\/9certamen\/premio-del-publico\/","title":{"rendered":"Premio del P\u00fablico"},"content":{"rendered":"<h1 style=\"padding: 0px; margin: 0px; font-size: 24px; line-height: 24px; color: #555555; font-weight: normal; letter-spacing: -1px; font-family: 'Helvetica Neue', Helvetica, sans-serif; text-align: center;\"><a style=\"padding: 3px 0px; margin: 0px; color: #ec1e79; text-decoration: initial;\" title=\"29- Waterloo Punto 1815. Por Lovecraft\" href=\"http:\/\/canal-literatura.com\/9certamen\/29-waterloo-punto-1815-por-lovecraft\/\" target=\"_blank\" rel=\"bookmark\">29- Waterloo Punto 1815. Por Lovecraft<\/a><\/h1>\n<p>&nbsp;<\/p>\n<p><img decoding=\"async\" class=\"aligncenter\" alt=\"\u00c1ngel Guardiola G\u00f3mez- Premio  especial del p\u00fablico\" src=\"http:\/\/canal-literatura.com\/9certamen\/files\/2012\/09\/canal-literatura-171-2013.jpg\" width=\"500\" \/><\/p>\n<p>&nbsp;<\/p>\n<p style=\"text-align: justify;\">Nac\u00ed en Cieza, provincia de Murcia, en el Reino de Espa\u00f1a, y todav\u00eda resido cerca de all\u00ed. Quien necesite conocer el a\u00f1o, tendr\u00e1 que acudir a mi <a href=\"http:\/\/www.canal-literatura.com\/8certamen\/?page_id=22\" target=\"_blank\">semblanza del pasado certamen<\/a> (venga\u2026 permitidme la coqueter\u00eda). Para no aburriros como a una ostra, os confesar\u00e9 tan solo que mi curr\u00edculum literario, en forma de premios, reconocimientos o publicaciones, se puede enumerar, literalmente, con los dedos de una mano completa.<\/p>\n<p style=\"text-align: justify;\">Sobre mi paso por esta edici\u00f3n del certamen, he aprendido que la suerte puede saludar dos veces consecutivas a la misma persona y que uno no deb\u00eda ser tan hura\u00f1o como pensaba cuando ha suscitado el inter\u00e9s del p\u00fablico en ambas ocasiones. He recibido unas cuantas reprimendas, y no tengo claro si las merec\u00ed, pero estoy convencido de que me las he buscado. No me juzgu\u00e9is con demasiada severidad pues no lo hice con mala intenci\u00f3n. Lo que intentaba con mi comportamiento no era m\u00e1s que atraer las cr\u00edticas sobre mi relato, y la f\u00f3rmula para estimular a lectores y participantes fue hacer lo propio con todos mis compa\u00f1eros en esta inolvidable aventura.<\/p>\n<p style=\"text-align: justify;\">Acabo haciendo justicia a quienes se la merecen aunque tendr\u00e9 que recurrir al anonimato. Sois tantos y todos tan meritorios que no quisiera olvidar a nadie, as\u00ed que a nadie mencionar\u00e9. Por encima de lo que digan premios y jurados, a los verdaderos protagonistas de este certamen todos los conoc\u00e9is. Alguien los bautiz\u00f3 sabiamente como \u201ccuchipanderos\u201d, y no pudo estar m\u00e1s acertado en su denominaci\u00f3n, pues no han sido ni m\u00e1s ni menos que eso: \u201cuna reuni\u00f3n de varias personas para regalarse y divertirse comiendo y bebiendo\u201d. El amor a la literatura no es necesario supon\u00e9rselo: ah\u00ed est\u00e1n sus relatos y sus comentarios para certificarlo.<\/p>\n<p style=\"text-align: justify;\">Estimados \u201ccuchipanderos\u201d, plumillas y dem\u00e1s juntaletras: os lo agradezco como si fuera cierto, pero todos sabemos que exager\u00e1is al calificarme de \u201cMaestro\u201d. No soy ning\u00fan Lope de Vega. Este a\u00f1o, lo \u00fanico que pretend\u00ed ser, si acaso un poco, \u00a0fue un Love de Pega. Y creo que, gracias a vosotros, lo he conseguido.<\/p>\n<p style=\"text-align: justify;\"><i>Fortunae aeternum<\/i><\/p>\n<p style=\"text-align: justify;\">[Puedes leer la cr\u00f3nica que hizo de la entrega de premios de 2011 <a href=\"http:\/\/www.canal-literatura.com\/8certamen\/?page_id=1749\" target=\"_blank\">aqu\u00ed<\/a>]<\/p>\n<p style=\"text-align: justify;\">Puedes comentar este premio <a href=\"http:\/\/canal-literatura.com\/9certamen\/angel-guardiola-gomez-premio-del-publico-del-9-certamen-de-narrativa-breve-2012\/\" target=\"_blank\">pinchando aqu\u00ed<\/a><\/p>\n<p style=\"text-align: justify;\">\n<p style=\"text-align: justify;\">\n<p style=\"text-align: justify;\">\n<p style=\"text-align: justify;\">\n<p style=\"text-align: justify;\">**********************************************<\/p>\n<p style=\"text-align: justify;\"><strong>Informaci\u00f3n Previa al inicio del certamen.<\/strong><\/p>\n<p style=\"text-align: justify;\">Es importante que revise todas las p\u00e1ginas disponibles en esta web, ya que contienen toda la informaci\u00f3n necesaria para participar, sobre todo las Bases, la informaci\u00f3n del jurado y patrocinadores, as\u00ed como las fechas de convocatoria y plazos.<\/p>\n<p style=\"text-align: justify;\">Todos los\u00a0relatos \u00a0y noticias pueden recibir comentarios de los lectores o participantes, estos ser\u00e1n moderados por el administrador, pero pedimos de antemano que sean respetuosos con las obras presentadas, que intenten ce\u00f1irse al texto (no al autor) y, tanto si los comentarios son favorables como si no, se mantengan en una l\u00ednea de correcci\u00f3n que permita un di\u00e1logo fluido y enriquecedor.<\/p>\n<p style=\"text-align: justify;\">Una vez finalizado el plazo de presentaci\u00f3n de los relatos, el\u00a0 31 de octubre del 2012, se podr\u00e1n votar para elegir el relato ganador del PREMIO DEL P\u00daBLICO a trav\u00e9s de\u00a0diez estrellas que aparecer\u00e1n debajo de cada obra.<\/p>\n<p style=\"text-align: justify;\">El proceso y las normas \u00a0de votaci\u00f3n se anunciar\u00e1\u00a0 una vez finalizado el plazo de entrega de originales. Este premio del p\u00fablico, no tiene nada que ver con los tres ganadores del certamen que ser\u00e1n elegidos por un jurado cualificado.<\/p>\n<p style=\"text-align: justify;\">Tambi\u00e9n pedimos a los votantes respeto en las votaciones, s\u00f3lo se puede votar a cada relato una vez, tal como permite el sistema. Nuestros t\u00e9cnicos tienen suficiente experiencia para detectar votaciones fraudulentas en muchos aspectos y no se dar\u00e1 ninguna explicaci\u00f3n a este respecto cuando haya que descalificar alg\u00fan relato. Los\u00a0relatos \u00a0descalificados\u00a0 dejar\u00e1n de tener visibles las estrellas para poder votar.<\/p>\n<p style=\"text-align: justify;\">Gracias por visitarnos y participar. Esperamos que sea una grata experiencia para todos.<\/p>\n","protected":false},"excerpt":{"rendered":"<p>29- Waterloo Punto 1815. Por Lovecraft &nbsp; &nbsp; Nac\u00ed en Cieza, provincia de Murcia, en el Reino de Espa\u00f1a, y todav\u00eda resido cerca de all\u00ed. Quien necesite conocer el a\u00f1o, tendr\u00e1 que acudir a mi semblanza del pasado certamen (venga\u2026 permitidme la coqueter\u00eda). Para no aburriros como a una ostra, [&hellip;]<\/p>\n","protected":false},"author":4,"featured_media":0,"parent":0,"menu_order":4,"comment_status":"open","ping_status":"closed","template":"","meta":{"ngg_post_thumbnail":0,"footnotes":""},"class_list":["post-24","page","type-page","status-publish","hentry"],"_links":{"self":[{"href":"https:\/\/canal-literatura.com\/9certamen\/wp-json\/wp\/v2\/pages\/24","targetHints":{"allow":["GET"]}}],"collection":[{"href":"https:\/\/canal-literatura.com\/9certamen\/wp-json\/wp\/v2\/pages"}],"about":[{"href":"https:\/\/canal-literatura.com\/9certamen\/wp-json\/wp\/v2\/types\/page"}],"author":[{"embeddable":true,"href":"https:\/\/canal-literatura.com\/9certamen\/wp-json\/wp\/v2\/users\/4"}],"replies":[{"embeddable":true,"href":"https:\/\/canal-literatura.com\/9certamen\/wp-json\/wp\/v2\/comments?post=24"}],"version-history":[{"count":0,"href":"https:\/\/canal-literatura.com\/9certamen\/wp-json\/wp\/v2\/pages\/24\/revisions"}],"wp:attachment":[{"href":"https:\/\/canal-literatura.com\/9certamen\/wp-json\/wp\/v2\/media?parent=24"}],"curies":[{"name":"wp","href":"https:\/\/api.w.org\/{rel}","templated":true}]}}