{"id":3,"date":"2007-08-09T18:49:36","date_gmt":"2007-08-09T16:49:36","guid":{"rendered":"https:\/\/canal-literatura.com\/Apoesia3\/?page_id=3"},"modified":"2007-08-12T10:42:43","modified_gmt":"2007-08-12T08:42:43","slug":"jurado-y-patrocinadores","status":"publish","type":"page","link":"https:\/\/canal-literatura.com\/Apoesia3\/jurado-y-patrocinadores\/","title":{"rendered":"Jurado y patrocinadores"},"content":{"rendered":"<p align=\"center\"><strong>Jurado:<\/strong><\/p>\n<p align=\"center\"><strong>VICENTE GALLEGO<\/strong><\/p>\n<p style=\"text-align: center\"><a title=\"Informaci\u00f3n sobre Vicente Gallego\" href=\"https:\/\/www.canal-literatura.com\/Entrevistas\/VicenteGallego.html\" target=\"_blank\"><img decoding=\"async\" title=\"Vicente Gallego\" alt=\"Vicente Gallego\" src=\"https:\/\/www.canal-literatura.com\/Entrevistas\/VicenteGallego1.jpg\" \/><\/a><\/p>\n<p style=\"text-align: center\">Vicente Gallego, poeta y escritor valenciano, \u00abPremio Nacional de la Cr\u00edtica Espa\u00f1ola de poes\u00eda 2002\u00bb por su libro \u00abSanta deriva\u00bb. Puedes leer la entrevista en el canal literatura el d\u00eda 20-12-2006, <a title=\"Entrevista en el canal\" href=\"https:\/\/www.canal-literatura.com\/Entrevistas\/VicenteGallego_Entrevista_canal.html\" target=\"_blank\">pinchando aqu\u00ed.<\/a><\/p>\n<p align=\"center\"><strong>RAQUEL LANSEROS<\/strong><\/p>\n<div style=\"text-align: center\"><strong><a href=\"https:\/\/www.canal-literatura.com\/Entrevistas\/RaquelLanseros.html\" target=\"_blank\"><img decoding=\"async\" title=\"Raquel Lanseros\" alt=\"Raquel Lanseros\" src=\"https:\/\/www.canal-literatura.com\/Entrevistas\/RLanseros2.jpg\" \/><\/a><\/strong><\/div>\n<p align=\"center\">\u00a0Raquel Lanseros, poeta y\u00a0escritora. Primer accesit del Premio Adonais 2005 con su libro \u00abDiario de un destello\u00bb. <a style=\"font-weight: bold\" href=\"https:\/\/www.lavozdigital.es\/cadiz\/prensa\/20070711\/cultura\/escritora-jerezana-raquel-lanseros_20070711.html\" target=\"_blank\">Ganadora del XXII Premio Unicaja 2007 con el libro \u00abLos ojos de la niebla\u00bb<\/a><\/p>\n<p align=\"center\">Puedes leer la entrevista en el canal literatura el 27-11-2006, <a href=\"https:\/\/www.canal-literatura.com\/Entrevistas\/RaquelLanseros_Entrevista.html\" target=\"_blank\"><strong>pinchando aqu\u00ed.<\/strong><\/a><strong>\u00a0<\/strong><\/p>\n<p>\u00a0<\/p>\n<p><center><center><strong>Grupo de lectura:<\/strong><br \/>\nFormado por miembros de la Asociaci\u00f3n Canal literatura y de la Escuela de Escritores \u00abAlonso Quijano\u00bb\u00a0\u00a0\u00a0\u00a0\u00a0\u00a0\u00a0\u00a0 \u00a0\u00a0\u00a0\u00a0\u00a0\u00a0\u00a0\u00a0\u00a0<\/p>\n<p><strong>Fechas :<br \/>\n<\/strong>Convocatoria: 10 de Agosto2006<br \/>\nCierre del plazo de env\u00edo de originales:\u00a030 de septiembre 2007<br \/>\nPublicaci\u00f3n de los 10 finalistas: 27 de Noviembre 2007<br \/>\nPublicaci\u00f3n de los 3 ganadores del Certamen y premio especial del p\u00fablico:<br \/>\nDiciembre 2007.<br \/>\n<strong>Patrocinado por la Consejer\u00eda de Educaci\u00f3n y Cultura de la Regi\u00f3n de Murcia.<\/strong>\u00a0\u00a0<\/p>\n<p><!-- BBCode Start --><strong><img decoding=\"async\" src=\"https:\/\/www.canal-literatura.com\/Apoesia2\/DGABIbliotecas.jpg\" \/><\/strong><\/p>\n<p>\u00a0<\/p>\n<p><\/center><\/center>\u00a0<\/p>\n","protected":false},"excerpt":{"rendered":"<p>Jurado: VICENTE GALLEGO Vicente Gallego, poeta y escritor valenciano, \u00abPremio Nacional de la Cr\u00edtica Espa\u00f1ola de poes\u00eda 2002\u00bb por su libro \u00abSanta deriva\u00bb. Puedes leer la entrevista en el canal literatura el d\u00eda 20-12-2006, pinchando aqu\u00ed. RAQUEL LANSEROS \u00a0Raquel Lanseros, poeta y\u00a0escritora. Primer accesit del Premio Adonais 2005 con su&#8230;<\/p>\n<p> <a class=\"continue-reading-link\" href=\"https:\/\/canal-literatura.com\/Apoesia3\/jurado-y-patrocinadores\/\"><span>Leer m\u00e1s<\/span><i class=\"crycon-right-dir\"><\/i><\/a> <\/p>\n","protected":false},"author":1,"featured_media":0,"parent":0,"menu_order":0,"comment_status":"open","ping_status":"open","template":"","meta":{"_crdt_document":"","footnotes":""},"class_list":["post-3","page","type-page","status-publish","hentry"],"_links":{"self":[{"href":"https:\/\/canal-literatura.com\/Apoesia3\/wp-json\/wp\/v2\/pages\/3","targetHints":{"allow":["GET"]}}],"collection":[{"href":"https:\/\/canal-literatura.com\/Apoesia3\/wp-json\/wp\/v2\/pages"}],"about":[{"href":"https:\/\/canal-literatura.com\/Apoesia3\/wp-json\/wp\/v2\/types\/page"}],"author":[{"embeddable":true,"href":"https:\/\/canal-literatura.com\/Apoesia3\/wp-json\/wp\/v2\/users\/1"}],"replies":[{"embeddable":true,"href":"https:\/\/canal-literatura.com\/Apoesia3\/wp-json\/wp\/v2\/comments?post=3"}],"version-history":[{"count":0,"href":"https:\/\/canal-literatura.com\/Apoesia3\/wp-json\/wp\/v2\/pages\/3\/revisions"}],"wp:attachment":[{"href":"https:\/\/canal-literatura.com\/Apoesia3\/wp-json\/wp\/v2\/media?parent=3"}],"curies":[{"name":"wp","href":"https:\/\/api.w.org\/{rel}","templated":true}]}}