{"id":9,"date":"2013-08-08T08:28:26","date_gmt":"2013-08-08T10:28:26","guid":{"rendered":"http:\/\/canal-literatura.com\/apoesia8\/?page_id=9"},"modified":"2024-04-20T14:25:30","modified_gmt":"2024-04-20T13:25:30","slug":"bases","status":"publish","type":"page","link":"https:\/\/canal-literatura.com\/apoesia8\/bases\/","title":{"rendered":"Bases"},"content":{"rendered":"<p style=\"text-align: center;\"><span style=\"color: #3366ff;\"><strong><span style=\"font-size: 2em;\">Bases del certamen<\/span><\/strong><\/span><\/p>\n<p style=\"text-align: justify;\"><b>1<\/b> Podr\u00e1 participar en este certamen cualquier autor mayor de edad que lo desee, <b>con una sola obra<\/b> escrita en espa\u00f1ol.<\/p>\n<p style=\"text-align: justify;\"><b>Quedan excluidos para participar<\/b> los premiados en la edici\u00f3n anterior en cualquiera de sus categor\u00edas (primer premio del certamen y premio especial del p\u00fablico).<\/p>\n<p style=\"text-align: justify;\"><b>2<\/b> El tema ser\u00e1 libre.<\/p>\n<p style=\"text-align: justify;\"><b>3<\/b> Los trabajos presentados deber\u00e1n ser originales e in\u00e9ditos (incluida la publicaci\u00f3n en Internet) y no premiados ni pendientes de fallos en otros cert\u00e1menes. Cualquier comprobaci\u00f3n en este sentido ser\u00e1 motivo de descalificaci\u00f3n autom\u00e1tica.<\/p>\n<p style=\"text-align: justify;\"><b>4<\/b> La extensi\u00f3n de los poemas tendr\u00e1 un l\u00edmite de entre <b>10 versos m\u00ednimo y 60 versos m\u00e1ximo.<\/b><\/p>\n<p style=\"text-align: justify;\"><b>5<\/b> Las obras deber\u00e1n ser remitidas en soporte inform\u00e1tico a la direcci\u00f3n <a href=\"mailto:certamen@canal-literatura.com\"><b>certamen@canal-literatura.com<\/b><\/a><b>. El correo electr\u00f3nico deber\u00e1 incluir una imagen del documento de identidad acreditativo<\/b> m\u00e1s <b>los siguientes documentos adjuntos <\/b>debidamente cumplimentados en formato de Word:<\/p>\n<p style=\"text-align: center;\"><span style=\"text-align: justify;\">Puedes descargarlos pinchando en los enlaces siguientes y enviarlos en formato de Word:<\/span><\/p>\n<p style=\"padding-left: 60px;\">a)- <strong><a href=\"https:\/\/canal-literatura.com\/fotos\/poesia8\/formulario_plica_Poemas2013.doc\" target=\"_blank\" rel=\"noopener\">Formulario Datos del Autor-PLICA<\/a><\/strong><\/p>\n<p style=\"padding-left: 60px;\">b)-<strong><a href=\"https:\/\/canal-literatura.com\/fotos\/poesia8\/declaracion_Poemas2013.doc\" target=\"_blank\" rel=\"noopener\">Declaraci\u00f3n del autor<\/a>.<\/strong><\/p>\n<p style=\"padding-left: 60px;\">c)-<strong><a href=\"https:\/\/canal-literatura.com\/fotos\/poesia8\/Poema_concursante2013.doc\" target=\"_blank\" rel=\"noopener\">Poema, incluyendo t\u00edtulo y seud\u00f3nimo.<\/a><\/strong><\/p>\n<p style=\"text-align: justify;\">d)- Donativo \u00a0Inscripci\u00f3n <strong>de 5 euros <\/strong> como contribuci\u00f3n al desarrollo de este certamen en la cuenta de <strong>Paypal<\/strong> de la<strong> Asociaci\u00f3n Canal Literatura<\/strong>.<\/p>\n<p style=\"text-align: justify;\"><em>(Quedan exentos de este requisito, los socios, los miembros de los grupos del grupo de lectura de los \u00faltimos 3 a\u00f1os y todo aqu\u00e9l que haya hecho una donaci\u00f3n de m\u00e1s 20 euros en el a\u00f1o 2013.)<\/em><\/p>\n<p>&nbsp;<\/p>\n<form id=\"donar\" action=\"https:\/\/www.paypal.com\/cgi-bin\/webscr\" method=\"post\" target=\"_blank\"><input name=\"cmd\" type=\"hidden\" value=\"_s-xclick\" \/><br \/>\n<input name=\"hosted_button_id\" type=\"hidden\" value=\"SC2K6KXRMZ7XJ\" \/><br \/>\n<input alt=\"PayPal. La forma r\u00e1pida y segura de pagar en Internet.\" name=\"submit\" src=\"https:\/\/www.paypalobjects.com\/es_ES\/ES\/i\/btn\/btn_donateCC_LG.gif\" type=\"image\" width=\"140\" \/><br \/>\n<img loading=\"lazy\" decoding=\"async\" src=\"https:\/\/www.paypalobjects.com\/es_ES\/i\/scr\/pixel.gif\" alt=\"\" width=\"140\" height=\"1\" border=\"0\" \/><\/form>\n<p>&nbsp;<\/p>\n<p>&nbsp;<\/p>\n<p style=\"text-align: justify;\">La Asociaci\u00f3n, para no excluir a ning\u00fan poeta de participar en este concurso por motivos econ\u00f3micos, estudiar\u00e1 cualquier problema individual para cumplir este requisito al recibir la documentaci\u00f3n del certamen.<\/p>\n<p>&nbsp;<\/p>\n<p style=\"text-align: justify;\"><b>6<\/b> El plazo de recepci\u00f3n de originales <strong>finalizar\u00e1 el 25 de noviembre de 2013.<\/strong><\/p>\n<p style=\"text-align: justify;\"><b>7<\/b> Se otorgar\u00e1n tres premios, que consistir\u00e1n en:<\/p>\n<p style=\"padding-left: 30px; text-align: justify;\">\u2022 Primer premio: <b>200 euro y trofeo<\/b><\/p>\n<p style=\"padding-left: 30px; text-align: justify;\">\u2022 Segundo premio: <b>100 euros y trofeo<\/b><\/p>\n<p style=\"padding-left: 30px; text-align: justify;\">\u2022 Tercer premio: <b>50 euros y trofeo<\/b><\/p>\n<p style=\"text-align: justify;\">\u2022 <b>Premio especial del p\u00fablico:<\/b> <b>Trofeo<\/b>. La dotaci\u00f3n de este premio consistir\u00e1 en la aportaci\u00f3n de los participantes del certamen que deseen contribuir con cualquier cantidad al mismo.<\/p>\n<p style=\"text-align: justify;\"><b>8<\/b> Todos los poemas finalistas pasar\u00e1n a formar parte de la secci\u00f3n en la web \u00ab<b>Poemas sin Rostro\u00bb en texto y audio.<\/b><\/p>\n<p style=\"text-align: justify;\">La propiedad de las obras ser\u00e1 de los autores, si bien la Asociaci\u00f3n Canal literatura se reserva el derecho de <b>la primera publicaci\u00f3n de todas ellas en su portal www.canal-literatura.com durante y despu\u00e9s del certamen indefinidamente, as\u00ed como<\/b> la primera publicaci\u00f3n impresa de los premiados y finalistas en el segundo volumen de <i>Poemas en el Canal<\/i> en caso de decidirse su publicaci\u00f3n y contar con los medios econ\u00f3micos que la posibiliten.<\/p>\n<p style=\"text-align: justify;\"><b>9<\/b> Los premios de este certamen no podr\u00e1n declararse desiertos.<\/p>\n<p style=\"text-align: justify;\"><b>10<\/b> El fallo del jurado, que resolver\u00e1 a su criterio las dudas que pueda plantear la interpretaci\u00f3n de estas bases o cualquier incidencia que pueda surgir durante el desarrollo del certamen, ser\u00e1 inapelable y se har\u00e1 p\u00fablico en la web del canal literatura y en el peri\u00f3dico La Verdad.es.<\/p>\n<p style=\"text-align: justify;\"><b>11<\/b> Si alg\u00fan participante utilizara un seud\u00f3nimo que pudiera ser reconocido o crear alg\u00fan tipo de confusi\u00f3n con los <i>nicks<\/i> (alias) usados habitualmente en Canal Literatura o en cert\u00e1menes anteriores, ser\u00e1 informado v\u00eda correo electr\u00f3nico de esta circunstancia para que proceda al cambio del mismo. En \u00faltimo caso, se le asignar\u00eda un seud\u00f3nimo alfanum\u00e9rico aleatorio para garantizar su total anonimato en todos los \u00e1mbitos del certamen.<\/p>\n<p style=\"text-align: justify;\"><b>12 <\/b>De igual forma se advierte a los concursantes <b>que no deben compartir sus relatos en las redes sociales <\/b>(Tuenti, Facebook, Twiter, etc.) <b>hasta la publicaci\u00f3n de los 10 finalistas<\/b> si esto conlleva desvelar la autor\u00eda y la identidad real de los participantes.<b> <\/b><\/p>\n<p style=\"text-align: justify;\"><b>13 El concursante o lector debe actuar y comentar individualmente <\/b>sin que se perciba que pertenece a ning\u00fan grupo organizado que monopolice la interacci\u00f3n y libre expresi\u00f3n del resto de los participantes. Si se detectara cualquier grupo de estas caracter\u00edsticas ser\u00edan descalificados todos sus miembros.<\/p>\n<p style=\"text-align: justify;\"><b>14<\/b> Mantener <b>el anonimato es responsabilidad de cada participante o lector. La vulneraci\u00f3n de<\/b> esta condici\u00f3n ser\u00e1 causa de descalificaci\u00f3n autom\u00e1tica.<\/p>\n<p style=\"text-align: justify;\"><b>15<\/b> Los poemas que no figuren es esta web trascurrido el plazo de una semana desde su env\u00edo no habr\u00e1n sido admitidos.<\/p>\n<p style=\"text-align: justify;\"><b>16<\/b> La votaci\u00f3n del p\u00fablico se har\u00e1, una vez finalizado el plazo de presentaci\u00f3n en esta web, por el sistema de estrellas, que aparecer\u00e1n debajo de cada poema. El proceso y las normas de votaci\u00f3n se anunciar\u00e1n una vez finalizado el plazo de entrega de originales.<\/p>\n<p style=\"text-align: justify;\">Queremos resaltar desde ahora que todas las votaciones efectuadas consideradas fraudulentas ser\u00e1n borradas. Todas las votaciones duplicadas que se compruebe que proceden de una misma IP ser\u00e1n borradas. Advertimos como cada a\u00f1o que <b>no se dar\u00e1 ninguna explicaci\u00f3n sobre estas decisiones t\u00e9cnicas.<\/b><\/p>\n<p style=\"text-align: justify;\"><b>La participaci\u00f3n en el certamen implica la \u00edntegra aceptaci\u00f3n de las presentes bases.<\/b><\/p>\n<p style=\"text-align: justify;\">Recomendamos acceder a la web especial del premio para estar informado correctamente y <b>descargar los formularios originales<\/b> para participar en:<\/p>\n<p align=\"center\"><a href=\"https:\/\/canal-literatura.com\/Apoesia8\/\"><b>https:\/\/canal-literatura.com\/apoesia8\/<\/b><\/a><\/p>\n","protected":false},"excerpt":{"rendered":"<p>Bases del certamen 1 Podr\u00e1 participar en este certamen cualquier autor mayor de edad que lo desee, con una sola obra escrita en espa\u00f1ol. Quedan excluidos para participar los premiados en la edici\u00f3n anterior en cualquiera de sus categor\u00edas (primer premio del certamen y premio especial del p\u00fablico). 2 El tema ser\u00e1 libre. 3 Los [&hellip;]<\/p>\n","protected":false},"author":4,"featured_media":67,"parent":0,"menu_order":0,"comment_status":"open","ping_status":"open","template":"","meta":{"ngg_post_thumbnail":0,"footnotes":""},"class_list":["post-9","page","type-page","status-publish","has-post-thumbnail","hentry"],"_links":{"self":[{"href":"https:\/\/canal-literatura.com\/apoesia8\/wp-json\/wp\/v2\/pages\/9","targetHints":{"allow":["GET"]}}],"collection":[{"href":"https:\/\/canal-literatura.com\/apoesia8\/wp-json\/wp\/v2\/pages"}],"about":[{"href":"https:\/\/canal-literatura.com\/apoesia8\/wp-json\/wp\/v2\/types\/page"}],"author":[{"embeddable":true,"href":"https:\/\/canal-literatura.com\/apoesia8\/wp-json\/wp\/v2\/users\/4"}],"replies":[{"embeddable":true,"href":"https:\/\/canal-literatura.com\/apoesia8\/wp-json\/wp\/v2\/comments?post=9"}],"version-history":[{"count":0,"href":"https:\/\/canal-literatura.com\/apoesia8\/wp-json\/wp\/v2\/pages\/9\/revisions"}],"wp:featuredmedia":[{"embeddable":true,"href":"https:\/\/canal-literatura.com\/apoesia8\/wp-json\/wp\/v2\/media\/67"}],"wp:attachment":[{"href":"https:\/\/canal-literatura.com\/apoesia8\/wp-json\/wp\/v2\/media?parent=9"}],"curies":[{"name":"wp","href":"https:\/\/api.w.org\/{rel}","templated":true}]}}